{"id":17,"date":"2026-04-04T18:40:13","date_gmt":"2026-04-04T16:40:13","guid":{"rendered":"https:\/\/www.pf.ujep.cz\/en\/?page_id=17"},"modified":"2026-04-26T15:53:51","modified_gmt":"2026-04-26T13:53:51","slug":"contacts","status":"publish","type":"page","link":"https:\/\/www.pf.ujep.cz\/en\/contacts\/","title":{"rendered":"Contact"},"content":{"rendered":"<p><strong>Pedagogick\u00e1 fakulta UJEP \/\/ The Faculty of Education<\/strong><br \/>\n\u010cesk\u00e9 ml\u00e1de\u017ee 8<br \/>\n400 01, \u00dast\u00ed nad Labem<br \/>\nCzechia<\/p>\n<p><strong>E-mail: <a href=\"mailto:PFstudium@ujep.cz\">PFstudium@ujep.cz<\/a><\/strong><\/p>\n<p><a href=\"https:\/\/goo.gl\/maps\/BxHy75uew3DC331C7\">Map<\/a><\/p>\n","protected":false},"excerpt":{"rendered":"<p>Pedagogick\u00e1 fakulta UJEP \/\/ The Faculty of Education \u010cesk\u00e9 ml\u00e1de\u017ee 8 400 01, \u00dast\u00ed nad Labem Czechia E-mail: PFstudium@ujep.cz Map<\/p>\n","protected":false},"author":1,"featured_media":0,"parent":0,"menu_order":0,"comment_status":"closed","ping_status":"closed","template":"","meta":{"_acf_changed":false,"footnotes":""},"class_list":["post-17","page","type-page","status-publish","hentry"],"acf":[],"_links":{"self":[{"href":"https:\/\/www.pf.ujep.cz\/en\/wp-json\/wp\/v2\/pages\/17","targetHints":{"allow":["GET"]}}],"collection":[{"href":"https:\/\/www.pf.ujep.cz\/en\/wp-json\/wp\/v2\/pages"}],"about":[{"href":"https:\/\/www.pf.ujep.cz\/en\/wp-json\/wp\/v2\/types\/page"}],"author":[{"embeddable":true,"href":"https:\/\/www.pf.ujep.cz\/en\/wp-json\/wp\/v2\/users\/1"}],"replies":[{"embeddable":true,"href":"https:\/\/www.pf.ujep.cz\/en\/wp-json\/wp\/v2\/comments?post=17"}],"version-history":[{"count":3,"href":"https:\/\/www.pf.ujep.cz\/en\/wp-json\/wp\/v2\/pages\/17\/revisions"}],"predecessor-version":[{"id":210,"href":"https:\/\/www.pf.ujep.cz\/en\/wp-json\/wp\/v2\/pages\/17\/revisions\/210"}],"wp:attachment":[{"href":"https:\/\/www.pf.ujep.cz\/en\/wp-json\/wp\/v2\/media?parent=17"}],"curies":[{"name":"wp","href":"https:\/\/api.w.org\/{rel}","templated":true}]}}

<p><strong>Pedagogická fakulta UJEP // The Faculty of Education</strong><br />
České mládeže 8<br />
400 01, Ústí nad Labem<br />
Czechia</p>
<p><strong>E-mail: <a href="mailto:PFstudium@ujep.cz">PFstudium@ujep.cz</a></strong></p>
<p><a href="https://goo.gl/maps/BxHy75uew3DC331C7">Map</a></p>

<p>Pedagogická fakulta UJEP // The Faculty of Education České mládeže 8 400 01, Ústí nad Labem Czechia E-mail: PFstudium@ujep.cz Map</p>
